ist the prime factors of 43569.
3, 47, 103
What are the prime factors of 265?
5, 53
What are the prime factors of 6420?
2, 3, 5, 107
What are the prime factors of 1981?
7, 283
List the prime factors of 1799.
7, 257
List the prime factors of 57748.
2, 14437
List the prime factors of 1478.
2, 739
List the prime factors of 922.
2, 461
List the prime factors of 794.
2, 397
What are the prime factors of 11402?
2, 5701
What are the prime factors of 134569?
37, 3637
List the prime factors of 775.
5, 31
List the prime factors of 3571.
3571
List the prime factors of 32797.
32797
What are the prime factors of 21405?
3, 5, 1427
What are the prime factors of 7340?
2, 5, 367
What are the prime factors of 18696?
2, 3, 19, 41
What are the prime factors of 85212?
2, 3, 263
What are the prime factors of 3356?
2, 839
What are the prime factors of 12713?
12713
List the prime factors of 8091.
3, 29, 31
What are the prime factors of 5224?
2, 653
What are the prime factors of 5594?
2, 2797
What are the prime factors of 12596?
2, 47, 67
What are the prime factors of 2610?
2, 3, 5, 29
What are the prime factors of 3329?
3329
What are the prime factors of 5569?
5569
What are the prime factors of 1171?
1171
What are the prime factors of 961?
31
What are the prime factors of 610?
2, 5, 61
What are the prime factors of 17076?
2, 3, 1423
What are the prime factors of 2601?
3, 17
List the prime factors of 7495.
5, 1499
List the prime factors of 4925.
5, 197
What are the prime factors of 28851?
3, 59, 163
What are the prime factors of 1275?
3, 5, 17
What are the prime factors of 2722?
2, 1361
What are the prime factors of 1504?
2, 47
List the prime factors of 160679.
41, 3919
What are the prime factors of 18914?
2, 7, 193
What are the prime factors of 97784?
2, 17, 719
List the prime factors of 106445.
5, 61, 349
List the prime factors of 18780.
2, 3, 5, 313
What are the prime factors of 797?
797
List the prime factors of 709.
709
List the prime factors of 32843.
32843
List the prime factors of 343.
7
List the prime factors of 22341.
3, 11, 677
List the prime factors of 8078.
2, 7, 577
List the prime factors of 1863.
3, 23
List the prime factors of 477.
3, 53
What are the prime factors of 3257?
3257
What are the prime factors of 967?
967
List the prime factors of 5028.
2, 3, 419
List the prime factors of 853.
853
List the prime factors of 6931.
29, 239
What are the prime factors of 5341?
7, 109
What are the prime factors of 326?
2, 163
List the prime factors of 874.
2, 19, 23
What are the prime factors of 2481?
3, 827
List the prime factors of 1695.
3, 5, 113
What are the prime factors of 75133?
75133
What are the prime factors of 1077?
3, 359
List the prime factors of 1470.
2, 3, 5, 7
What are the prime factors of 6077?
59, 103
List the prime factors of 1213.
1213
What are the prime factors of 722?
2, 19
What are the prime factors of 2892?
2, 3, 241
List the prime factors of 6920.
2, 5, 173
List the prime factors of 29744.
2, 11, 13
List the prime factors of 16479.
3, 1831
What are the prime factors of 462?
2, 3, 7, 11
What are the prime factors of 4271?
4271
List the prime factors of 2015.
5, 13, 31
What are the prime factors of 2375?
5, 19
List the prime factors of 3378.
2, 3, 563
List the prime factors of 3494.
2, 1747
What are the prime factors of 739?
739
List the prime factors of 3738.
2, 3, 7, 89
What are the prime factors of 6807?
3, 2269
List the prime factors of 6313.
59, 107
What are the prime factors of 924?
2, 3, 7, 11
List the prime factors of 7439.
43, 173
What are the prime factors of 1659?
3, 7, 79
List the prime factors of 6881.
7, 983
What are the prime factors of 14957?
14957
What are the prime factors of 40226?
2, 20113
List the prime factors of 7081.
73, 97
List the prime factors of 12290.
2, 5, 1229
What are the prime factors of 277?
277
List the prime factors of 198.
2, 3, 11
List the prime factors of 1657.
1657
List the prime factors of 49485.
3, 5, 3299
List the prime factors of 1585.
5, 317
List the prime factors of 44413.
23, 1931
List the prime factors of 103.
103
What are the prime factors of 31368?
2, 3, 1307
What are the prime factors of 25030?
2, 5, 2503
What are the prime factors of 360?
2, 3, 5
What are the prime factors of 8198?
2, 4099
What are the prime factors of 3068?
2, 13, 59
What are the prime factors of 2371?
2371
List the prime factors of 6197.
6197
What are the prime factors of 5213?
13, 401
List the prime factors of 2493.
3, 277
List the prime factors of 11920.
2, 5, 149
What are the prime factors of 1472?
2, 23
What are the prime factors of 770?
2, 5, 7, 11
List the prime factors of 3252.
2, 3, 271
What are the prime factors of 80929?
80929
What are the prime factors of 162966?
2, 3, 157, 173
List the prime factors of 1566.
2, 3, 29
What are the prime factors of 1614?
2, 3, 269
What are the prime factors of 42118?
2, 21059
What are the prime factors of 1937?
13, 149
What are the prime factors of 60501?
3, 7, 43, 67
What are the prime factors of 26745?
3, 5, 1783
What are the prime factors of 3827?
43, 89
List the prime factors of 71586.
2, 3, 41, 97
What are the prime factors of 15492?
2, 3, 1291
List the prime factors of 101171.
7, 97, 149
What are the prime factors of 4080?
2, 3, 5, 17
List the prime factors of 9954.
2, 3, 7, 79
What are the prime factors of 1076?
2, 269
List the prime factors of 2605.
5, 521
List the prime factors of 596.
2, 149
What are the prime factors of 17384?
2, 41, 53
What are the prime factors of 754?
2, 13, 29
List the prime factors of 26602.
2, 47, 283
List the prime factors of 1202.
2, 601
List the prime factors of 17309.
19, 911
What are the prime factors of 5909?
19, 311
What are the prime factors of 69233?
69233
List the prime factors of 508.
2, 127
What are the prime factors of 53476?
2, 29, 461
What are the prime factors of 5589?
3, 23
List the prime factors of 9506.
2, 7, 97
What are the prime factors of 8490?
2, 3, 5, 283
List the prime factors of 45191.
45191
What are the prime factors of 11746?
2, 7, 839
What are the prime factors of 29313?
3, 3257
What are the prime factors of 4812?
2, 3, 401
What are the prime factors of 16454?
2, 19, 433
What are the prime factors of 7287?
3, 7, 347
List the prime factors of 7197.
3, 2399
List the prime factors of 1909.
23, 83
List the prime factors of 313.
313
List the prime factors of 61812.
2, 3, 17, 101
What are the prime factors of 12261?
3, 61, 67
List the prime factors of 9528.
2, 3, 397
What are the prime factors of 341?
11, 31
List the prime factors of 1004.
2, 251
What are the prime factors of 1177?
11, 107
What are the prime factors of 2980?
2, 5, 149
List the prime factors of 1893.
3, 631
List the prime factors of 1109.
1109
List the prime factors of 71401.
11, 6491
List the prime factors of 14656.
2, 229
List the prime factors of 5818.
2, 2909
List the prime factors of 1442.
2, 7, 103
What are the prime factors of 113476?
2, 11, 2579
List the prime factors of 19548.
2, 3, 181
What are the prime factors of 56?
2, 7
What are the prime factors of 45882?
2, 3, 2549
List the prime factors of 42044.
2, 23, 457
What are the prime factors of 26571?
3, 17, 521
List the prime factors of 80339.
7, 23, 499
List the prime factors of 3418.
2, 1709
List the prime factors of 5855.
5, 1171
What are the prime factors of 12207?
3, 13, 313
What are the prime factors of 2215?
5, 443
What are the prime factors of 55966?
2, 27983
List the prime factors of 7770.
2, 3, 5, 7, 37
List the prime factors of 31311.
3, 7, 71
List the prime factors of 1656.
2, 3, 23
List the prime factors of 715.
5, 11, 13
List the prime factors of 16637.
127, 131
List the prime factors of 1513.
17, 89
List the prime factors of 214.
2, 107
List the prime factors of 4606.
2, 7, 47
What are the prime factors of 12751?
41, 311
List the prime factors of 7322.
2, 7, 523
What are the prime factors of 3011?
3011
What are the prime factors of 3364?
2, 29
List the prime factors of 107895.
3, 5, 7193
List the prime factors of 4603.
4603
What are the prime factors of 16150?
2, 5, 17, 19
What are the prime factors of 3549?
3, 7, 13
List the prime factors of 6589.
11, 599
What are the prime factors of 2527?
7, 19
What are the prime factors of 694?
2, 347
What are the prime factors of 6848?
2, 